vided by k.
1
What is the remainder when 35 is divided by -39*(-1)/3 - 4?
8
Let m(q) = q**2 + 5*q - 2. Let p be m(-6). Let a(v) = 3*v**2 + 3*v - 5. Let j = -24 - -43. Calculate the remainder when a(p) is divided by j.
17
Let d(h) = -4*h**2 + h - 1 + 3*h + 5*h**2. Suppose 0 = 3*q - r - 8, -3*q - r = 3*r - 28. What is the remainder when d(-6) is divided by q?
3
Suppose -58 = -2*z + 5*w - 23, 0 = -3*z + 4*w + 42. Calculate the remainder when 79 is divided by z.
9
Let l(j) = -6*j - 14. Let z = -13 + 23. Calculate the remainder when l(-5) is divided by z.
6
Suppose 2*b = 3*l + 41, -l = b - 3*l - 19. Calculate the remainder when 45 is divided by b.
20
Calculate the remainder when (0 - 18)*(-9)/6 is divided by (-76)/133 + 102/7.
13
What is the remainder when 179 is divided by (-4)/(-3)*(-585)/(-30)?
23
Suppose 4*v - v + 12 = 0. Let h be v/8*24/2. Let g(d) = -d**3 - 6*d**2 - 4*d - 6. What is the remainder when g(h) is divided by 10?
8
Let m = 23 - 11. Let d = 55 - m. What is the remainder when d is divided by 9?
7
Suppose 5*p = 5*u, u + 0*u = -4*p + 15. Suppose -m + 4*d = 9, 0*m - 3*m = -u*d. Suppose -m*s = -27 + 9. Calculate the remainder when 10 is divided by s.
4
Let k = 40 - 15. Let l(b) = 2*b - 10. Let y be l(7). Suppose y - 31 = -3*h. Calculate the remainder when k is divided by h.
7
Let t(j) be the third derivative of -7*j**4/24 - 4*j**2. Calculate the remainder when 39 is divided by t(-2).
11
Let p be (15*-1 + 3)/(-1). Let k = p + -5. Let g(d) = 5*d**2 - 1. What is the remainder when k is divided by g(-1)?
3
Let h(q) be the first derivative of 47*q**3/3 + q - 1. Calculate the remainder when h(1) is divided by 17.
14
Suppose -5*o = 5*f - 115, 2*f = 3*f - 4*o - 43. Let z = f - 19. What is the remainder when z is divided by 3?
2
Suppose 2*f - 60 = -2*x, x - 84 = -4*f + 33. What is the remainder when 200 is divided by f?
26
Suppose 0*w + 5*w = 115. What is the remainder when 390/9 + 6/9 is divided by w?
21
Let n(i) = 6*i + 39. What is the remainder when 4 is divided by n(-6)?
1
Let s(a) be the third derivative of -a**4/8 + a**3/6 + 2*a**2. Let d(g) = -3*g + 29. What is the remainder when d(0) is divided by s(-3)?
9
Let n be 16/10*(-10)/2. Let p = 13 + n. Suppose p*w = 6 + 59. Calculate the remainder when w is divided by 7.
6
Let g = -10 + 49. Let m(f) = -f**2 + f - 8. Let h be m(-6). Let b = h - -70. Calculate the remainder when g is divided by b.
19
Suppose -v + 42 = 13. What is the remainder when 53 is divided by v?
24
Let o(f) = -2*f - 8. Let j be o(-6). Let u be (-2)/j + 30/4. Let v = u + -1. What is the remainder when 17 is divided by v?
5
Suppose -j + 3*x = 2*j, 7 = -3*j - 4*x. Let z be 0/(-4) + 2*j. Calculate the remainder when 16 is divided by (-2 - -8)/(z/(-3)).
7
Let n(i) = i**2 - 16*i + 12. What is the remainder when 21 is divided by n(16)?
9
Suppose 19 + 323 = 4*r + 2*m, -r - 3*m + 93 = 0. Suppose 4*a + 32 - r = 0. Calculate the remainder when 50 is divided by a.
11
Suppose -9 = 3*w - 3*u + 3, -4*w - 4*u = 40. Let r = 8 - w. Calculate the remainder when 27 is divided by r.
12
Let k(f) = 22*f. Let b be (6/(-4))/((-3)/4). Let i be k(b). Let p = i + -19. What is the remainder when p is divided by 9?
7
Suppose -5*z + h + 4*h = -225, 0 = 3*z + 5*h - 143. Calculate the remainder when z is divided by 16.
14
Suppose -3*z + 35 + 43 = 0. What is the remainder when 49 is divided by z?
23
What is the remainder when 16 is divided by (32/(-28))/4 + 72/7?
6
Let n(s) = 2*s + 6. Let z be n(-2). Let u = 17 - z. What is the remainder when 42 is divided by u?
12
Let f = -15 + 23. Calculate the remainder when 1*(-3 - -31) - 2/2 is divided by f.
3
Let c be -1*4*1/(-2). Let i(l) = -l**2 - 8*l + 26. What is the remainder when i(-10) is divided by 3/(0 - (-2)/c)?
0
Let b = -7 - -42. What is the remainder when b is divided by 12?
11
Suppose 90 = 5*a + 5*x, -x = -3*a + 6*a - 50. Let d be ((-3)/2)/((-8)/a). Suppose -z - d*v = -0*z - 23, 2*v = 8. What is the remainder when 20 is divided by z?
9
Let u(l) = l**3 - l**2 + 17. Let p(o) = -o**3 - 2*o**2. Let b be p(-2). Suppose b = -2*y + y. Calculate the remainder when 32 is divided by u(y).
15
Calculate the remainder when (-210)/(-7 + 4) + -2 is divided by 36.
32
Suppose 5*m - 120 = -j, -3*j - 2*j = 25. What is the remainder when 74 is divided by m?
24
Let f be 0 + (3 - -1) - 2. Suppose 0 = 5*v + f*z - 223, -5*z = -2*v - 10 + 105. What is the remainder when v is divided by 24?
21
Let j = 70 - 39. Calculate the remainder when 123 is divided by j.
30
Suppose -z - 2 = -5. Suppose 7 = z*c + 1. Let f(s) = 11*s - 3. Calculate the remainder when f(c) is divided by 7.
5
Suppose 7*m - 5*m = 2. Calculate the remainder when (-7 + 1 + m)*-7 is divided by 12.
11
Let h = 4 + 8. What is the remainder when 80/h*(2 - -1) is divided by 7?
6
Suppose -3 = -r, -r - 58 = -5*t - 2*r. Let i = 1 - -63. What is the remainder when i*((-28)/8 + 4) is divided by t?
10
Suppose 2*g - 12 = g. Let j be 1/(-1) + 26*4. Suppose 5*t = 3*x + j, -3*t + 67 = -2*x + 6. Calculate the remainder when t is divided by g.
11
Suppose 5*b = -0*p - 5*p + 70, -b + 52 = 3*p. Calculate the remainder when 189 is divided by p.
18
Suppose 0 = 2*p - 3*d - 22, -p + 22 = 3*p + 5*d. What is the remainder when 22 is divided by p?
6
Suppose 44*z - 8 = 42*z. Calculate the remainder when 15 is divided by z.
3
Suppose 0 = -3*j - 3*f + 18, f + 0*f + 44 = 4*j. Suppose 0 = -u + 3*u + 5*v - 31, -165 = -5*u + 5*v. What is the remainder when u is divided by j?
8
Let v = -2 + 1. Let n(w) = -3*w + 4*w - 2*w - 5*w. Calculate the remainder when n(v) is divided by 4.
2
Let r = 216 + -133. Suppose -1 = -z, -5*q - 4*z = -z - r. What is the remainder when q is divided by (3/2)/(2/12)?
7
Let u(m) = 4*m - 22. What is the remainder when 38 is divided by u(8)?
8
Let u(v) be the second derivative of -v**4/12 - 3*v**3/2 + 6*v**2 - v. Suppose 3*o + 2*o + 50 = 0. Calculate the remainder when u(o) is divided by 1.
0
Let x(l) = l**3 + 7*l**2 + 3*l - 2. Let d be x(-6). Suppose -3*g = 3*v - d - 11, 4*g - v - 36 = 0. Calculate the remainder when 26 is divided by g.
8
Let b(g) = g**2 + 6*g + 7. Let p be b(-5). Let r(c) = 4*c**3 - 2*c**2 + 2*c - 2. What is the remainder when r(p) is divided by 9?
8
Suppose -2*g + 6 = -18. Calculate the remainder when 34 is divided by g.
10
Suppose -5*y + 2*y = -4*z + 6, 4*y - 23 = -5*z. Suppose -40 = -8*o + z*o. What is the remainder when 39 is divided by o?
7
Let h(m) = -m**3 + 10*m**2 - 7*m + 9. What is the remainder when h(9) is divided by 15?
12
What is the remainder when 68*(2/(-4))/(5/(-10)) is divided by 14?
12
Let s = 180 + -93. What is the remainder when s is divided by 45?
42
Let q(l) = 5*l - 13. What is the remainder when 82 is divided by q(6)?
14
Let j(i) = i**2 + 4*i + 6. What is the remainder when j(-7) is divided by 10?
7
Suppose 2*y + 12 = -5*n + 47, -2*n = -5*y + 15. Suppose m = 5*h + 31, n*m - 5*h - 51 - 24 = 0. What is the remainder when m is divided by 5?
1
Suppose 3*i - i - 220 = 0. Let w = 21 + -11. What is the remainder when (-4)/(-12) + i/3 is divided by w?
7
Let m = -7 + 10. Calculate the remainder when m is divided by 3.
0
Suppose 64 = -3*o + 163. Let w = 47 - o. Calculate the remainder when 26 is divided by w.
12
Let k(i) = 8*i**2 + 2 - 2 + 2 + 11*i - i**3 + 8. What is the remainder when k(9) is divided by 10?
8
Suppose 7*h = 4*h + 4*l - 7, -h - l = -7. Suppose -h*w = -r + 2, -r + w + 1 = -w. Calculate the remainder when 22 is divided by -4*(7 + r)/(-2).
10
Calculate the remainder when (-24)/2*2/(-3) is divided by (30/24)/((-3)/(-12)).
3
What is the remainder when 3 + (59 - (2 + 1)) is divided by 16?
11
Let w = -20 - -34. Calculate the remainder when 41 is divided by w.
13
Suppose 0 = -10*o + 5*o + 60. Let n be o/(-30) + (-28)/5. Let v(x) = x**3 + 5*x**2 - 6*x + 7. Calculate the remainder when 27 is divided by v(n).
6
Let j = 4 + 11. Suppose 8 = x + x. Calculate the remainder when j is divided by x.
3
Let v = 8 - -7. Suppose -v = -4*p + 1. Suppose 0 = -2*x + 2*u + 14, 60 = p*x + u + 17. What is the remainder when 28 is divided by x?
8
Let w(x) = x**3 - 5*x**2 - 2*x - 1. Let s be w(5). Let m = -5 - s. Let i = -18 - -22. Calculate the remainder when m is divided by i.
2
Let h = -8 - -46. Calculate the remainder when h is divided by 21.
17
Suppose